{"id":12,"date":"2023-10-09T11:46:51","date_gmt":"2023-10-09T11:46:51","guid":{"rendered":"https:\/\/peterbenett.hu\/?page_id=12"},"modified":"2024-11-12T20:32:17","modified_gmt":"2024-11-12T20:32:17","slug":"elerhetoseg","status":"publish","type":"page","link":"https:\/\/peterbenett.hu\/?page_id=12","title":{"rendered":"El\u00e9rhet\u0151s\u00e9g"},"content":{"rendered":"\n<p>Miben seg\u00edthet\u00fcnk?: <a href=\"mailto:muller@peterbenett.hu\">info@peterbenett.hu<\/a><\/p>\n\n\n\n<p><\/p>\n","protected":false},"excerpt":{"rendered":"<p>Miben seg\u00edthet\u00fcnk?: info@peterbenett.hu<\/p>\n","protected":false},"author":1,"featured_media":82,"parent":0,"menu_order":0,"comment_status":"closed","ping_status":"closed","template":"","meta":{"footnotes":""},"class_list":["post-12","page","type-page","status-publish","has-post-thumbnail","hentry"],"_links":{"self":[{"href":"https:\/\/peterbenett.hu\/index.php?rest_route=\/wp\/v2\/pages\/12","targetHints":{"allow":["GET"]}}],"collection":[{"href":"https:\/\/peterbenett.hu\/index.php?rest_route=\/wp\/v2\/pages"}],"about":[{"href":"https:\/\/peterbenett.hu\/index.php?rest_route=\/wp\/v2\/types\/page"}],"author":[{"embeddable":true,"href":"https:\/\/peterbenett.hu\/index.php?rest_route=\/wp\/v2\/users\/1"}],"replies":[{"embeddable":true,"href":"https:\/\/peterbenett.hu\/index.php?rest_route=%2Fwp%2Fv2%2Fcomments&post=12"}],"version-history":[{"count":12,"href":"https:\/\/peterbenett.hu\/index.php?rest_route=\/wp\/v2\/pages\/12\/revisions"}],"predecessor-version":[{"id":126,"href":"https:\/\/peterbenett.hu\/index.php?rest_route=\/wp\/v2\/pages\/12\/revisions\/126"}],"wp:featuredmedia":[{"embeddable":true,"href":"https:\/\/peterbenett.hu\/index.php?rest_route=\/wp\/v2\/media\/82"}],"wp:attachment":[{"href":"https:\/\/peterbenett.hu\/index.php?rest_route=%2Fwp%2Fv2%2Fmedia&parent=12"}],"curies":[{"name":"wp","href":"https:\/\/api.w.org\/{rel}","templated":true}]}}